of 19 and s.
19
Let u = -58 + 94. What is the greatest common divisor of u and 132?
12
Suppose 42*n - 46*n + 864 = 0. Calculate the highest common divisor of 8 and n.
8
Let v = 1279 + -1193. What is the highest common factor of 1462 and v?
86
Suppose 44*i - 7650 = 26*i. What is the highest common factor of i and 17?
17
Let r = -250 - -292. Suppose -5*u + u + 400 = -5*i, 3*u - 311 = i. What is the greatest common factor of r and u?
21
Suppose 3*x = 3*y - 0*y - 27, 0 = y + 2*x - 6. Let v be y - (2 + (-3)/(-9)*0). What is the greatest common factor of v and 12?
6
Let p be 26 + 0/((5 + 1)/(-3)). What is the greatest common divisor of 455 and p?
13
Let o be (-25)/50 - (346/(-4) + 0). Calculate the greatest common divisor of o and 43.
43
Suppose 5*f - 81 = g, -4*g = -2*f + 7*f + 374. Let a = g - -142. Suppose 3*l + 3*s = 111, -4*l + 66 = 2*s - 76. What is the highest common factor of l and a?
17
Let d = 928 - 782. Calculate the highest common divisor of d and 73.
73
Let h(w) = 2*w**3 - 10*w**2 + 5. Let g be h(5). Let d = 57 - g. What is the highest common factor of d and 13?
13
Let m = -25 - -25. Let t be (m/(-3))/(-2 - -4). Suppose 5*o + 0*o - 285 = t. Calculate the greatest common factor of 38 and o.
19
Suppose -2*c - 1730 = 3*c. Let v be 491 - -2 - 7 - -4. Let m = c + v. What is the highest common factor of 16 and m?
16
Let i(k) = 2*k**2 + 18*k. Let t be i(-12). Let x = -16 + t. Suppose -1 - x = -4*u - 5*c, 0 = u + 5*c - 33. Calculate the greatest common divisor of 16 and u.
8
Let m be (-2)/(-9) + (-304)/(-9). Let g(t) = 977*t + 10917. Let w be g(-11). Calculate the greatest common factor of m and w.
34
Suppose 2*f + 3*f + 1403 = n, -4*f = -2*n + 2776. Calculate the highest common factor of 106 and n.
106
Suppose 278*u - 265*u = 2821. What is the highest common factor of 14 and u?
7
Suppose -3 = -5*d + 2, 0 = -a + 3*d. Suppose -5*f + 63 = -27. What is the highest common factor of f and a?
3
Let j(l) = 2*l**3 + 48*l**2 - l - 13. Let m be j(-24). Calculate the highest common divisor of m and 143.
11
Let i = -2661 + 3825. What is the highest common factor of 24 and i?
12
Suppose -385 = -26*c + 19*c. What is the greatest common factor of c and 385?
55
Let x(j) = -3*j**3 - 18*j**2 - 2*j + 14. Let u be x(-6). Calculate the greatest common divisor of 351 and u.
13
Suppose 10175 = -4*f + 29*f. Calculate the highest common factor of 296 and f.
37
Suppose 26*i + 69 - 95 = 0. What is the greatest common factor of i and 255?
1
Let j(c) = c - 23. Let d be j(24). Let a be 1 - 8/(-3 - d). What is the highest common divisor of 1 and a?
1
Let l be (52/6)/2 - 4/(-6). Suppose -l*a + 3*n - 2*n = -74, 0 = n - 1. Calculate the highest common factor of 135 and a.
15
Suppose 0 = -h - 0 + 7. Let m = h - -2. Calculate the highest common divisor of 1 and m.
1
Suppose 2*l + 23 = 3*r + 3*l, 0 = 4*r + 5*l - 38. Let p(g) = -g**3 + 8*g**2 - 4*g. Let j be p(r). What is the highest common divisor of 3 and j?
3
Let z(d) = d**3 + 22*d**2 + 22*d + 12. Let b be z(-21). Let p = b + 87. What is the greatest common factor of p and 39?
39
Suppose s = -s + 26. Let o(g) = -2 + 2 + 14 + 11 - 2*g + 4. Let u be o(s). Calculate the greatest common factor of u and 6.
3
Let w be (-3*(-105)/18)/(2/20). What is the greatest common divisor of 245 and w?
35
Let x(m) = 12*m**2 + 20*m + 64. Let g be x(-3). What is the greatest common factor of 32 and g?
16
Let z be (-10 - -2)/((-6)/33). Let u be 3248/36 - 2/9. Let l be 1/(-4 - u/(-22)). Calculate the highest common divisor of z and l.
11
Suppose -261 = -3*l + 84. What is the greatest common divisor of 35 and l?
5
Let c = -1994 - -2002. Let u be ((-2)/(-3))/((-2)/(-30)). What is the greatest common divisor of c and u?
2
Let j(w) be the second derivative of -1/6*w**3 + 0 - 10*w + 7/2*w**2. Let h be j(5). Calculate the greatest common divisor of 4 and h.
2
Let t = -1092 - -1124. Calculate the greatest common factor of t and 8.
8
Let w(u) = -u**2 + 4*u + 3. Let t be w(4). Let z be (12/20)/(2/110)*t. What is the highest common divisor of 11 and z?
11
Let q be 36 + 5 + (0 - 4). Suppose 3*i - q = -i + 5*a, i + 5*a = -22. Suppose 0*f + 2*f = 48. Calculate the greatest common divisor of f and i.
3
Let r be -1*20*12/(-48). Calculate the greatest common factor of 95 and r.
5
Suppose 0 = -7*k - 10 - 32. Let o(c) = c**3 + 9*c**2 + 9*c + 6. Let w be o(k). Calculate the highest common divisor of w and 30.
30
Suppose -2*a + 14 = -4*a - 5*s, 19 = 5*a - s. Calculate the greatest common divisor of 3 and a.
3
Let l = -281 - -512. Suppose -5*h + f = -2*f - 156, 0 = 5*h - 5*f - 150. Calculate the highest common factor of h and l.
33
Suppose -u = -c - 216, 5*u - 4*c - 446 = 638. What is the highest common factor of u and 40?
20
Let w = -32 - -49. Suppose -83 = -34*h + 29*h + c, -4*h - 2*c + 72 = 0. What is the greatest common factor of w and h?
17
Suppose -4*g = 24 + 48. Let i be (-3933)/g + (-3)/(-2). What is the highest common divisor of i and 22?
22
Let o(p) = -266*p - 436. Let v be o(-11). What is the highest common factor of 30 and v?
30
Let x(a) = -a**3 + 2*a**2 + 9*a + 3. Let o be x(-3). Let g(u) = u**2 + 6*u - 3. Let y be g(-7). Let j = 10 + y. What is the greatest common divisor of o and j?
7
Let o(a) = -a**2 - 3*a + 2. Let x be o(-2). Suppose 20 + 28 = 16*r. Let u(j) = j**2 + 2*j - 11. Let q be u(r). What is the highest common factor of x and q?
4
Suppose -u - 2*m = -18 - 17, -m - 1 = 0. Calculate the highest common divisor of 999 and u.
37
Suppose 0 = 5*u + 4*p - 12 - 7, 5*u + 5*p - 15 = 0. Calculate the greatest common divisor of 3 and u.
1
Let v = 863 + -830. What is the greatest common divisor of 1606 and v?
11
Suppose -3*k = -26 + 23. What is the highest common divisor of k and 31?
1
Let w(j) be the third derivative of j**4/2 + 3*j**3/2 + 8*j**2. Let q be w(2). Calculate the highest common divisor of 22 and q.
11
Suppose 12521 + 5533 = 17*z. Calculate the greatest common divisor of 18 and z.
18
Suppose 6*l + 8*l = -9*l + 4232. Let x(k) = -7*k - 5. Let h be x(-4). Calculate the highest common factor of l and h.
23
Let x be 20/(-50)*(2 - 442). What is the greatest common factor of x and 220?
44
Let d be (19 - 23)/(0 + 2/(-3)). Calculate the greatest common divisor of 4 and d.
2
Suppose -2*a + 233 = 5*q, -157 = -3*q + 5*a - 42. Calculate the highest common divisor of 75 and q.
15
Let p = -485 + 842. Calculate the highest common factor of p and 21.
21
Suppose v - 6 + 1 = 0. Suppose -41 - 344 = v*j. Let s = -48 - j. What is the highest common factor of 232 and s?
29
Let k = 15 + -13. Let w(z) = -2*z - 2 + z**3 + 2*z + 10*z**k + 5*z + 0*z**3. Let y be w(-7). What is the highest common divisor of y and 10?
10
Let b be (14/(-8))/((-6)/96). Suppose 96 = 5*n + u, -2*u = -2*n + n + b. What is the greatest common factor of 2 and n?
2
Suppose 3*g + 2*y - 58 = 0, -5*g + 2*y = 36 - 154. Suppose 0 = -2*r, 2*z - 4*r - 176 = -3*r. Calculate the greatest common divisor of g and z.
22
Let w(h) = -2*h - 10. Let j be w(-5). Suppose j = -r + 3*i + i + 19, 4*i - 26 = -2*r. Let k = r + -9. Calculate the greatest common factor of k and 66.
6
Let f = 542 + -317. What is the highest common divisor of 360 and f?
45
Suppose -h + 316 = 4*s, 0*h = 4*s + 4*h - 304. Let w be -4 - (0/1 + -14). What is the highest common divisor of w and s?
10
Suppose h + 6*c = c + 17, h - 4*c + 10 = 0. What is the highest common factor of h and 14?
2
Let f(t) = -t**2 + 3*t + 22. Let i be f(5). Calculate the highest common factor of 708 and i.
12
Let w be (-353)/(-4) + 3/(-12). Suppose m + 4*f + 13 = 0, -4*m + 6*f = 4*f + w. Let o = m + 105. What is the highest common factor of o and 12?
12
Suppose 252 = -5*f + 3*u + 663, 4*f - 330 = 3*u. Suppose -a + 5*a - 912 = 0. Let y = a - f. Calculate the greatest common divisor of y and 21.
21
Let k(x) = -x**3 - 25*x**2 + 26*x + 30. Let n be k(-26). What is the greatest common divisor of 70 and n?
10
Let q(g) = -g**3 + 4*g**2 - 3. Let p be q(3). Let o be 50/(-75) + 56/3. Calculate the greatest common factor of o and p.
6
Let w(d) = d**3 - 4*d**2 - 15*d + 44. Let b be w(7). Let i = -54 + b. What is the highest common divisor of 4 and i?
4
Let b be (-169)/(-4) + (-13)/52. Suppose 0 = 24*o + 27*o - 1530. What is the greatest common divisor of o and b?
6
Suppose -8 = -3